e the prime factors of 169565347?
7, 24223621
List the prime factors of 5782309994.
2, 17, 101, 1683841
What are the prime factors of 100490462?
2, 50245231
What are the prime factors of 63093984?
2, 3, 19, 34591
List the prime factors of 101707654.
2, 977, 52051
List the prime factors of 793575960.
2, 3, 5, 59, 112087
List the prime factors of 78533579.
149, 527071
What are the prime factors of 1261494139?
43, 29337073
What are the prime factors of 88163238?
2, 3, 1187, 12379
List the prime factors of 66957641.
1249, 53609
What are the prime factors of 1687626106?
2, 53, 15921001
What are the prime factors of 50290655?
5, 619, 16249
What are the prime factors of 2216160294?
2, 3, 113, 1433, 2281
List the prime factors of 870949942.
2, 193, 2256347
List the prime factors of 131433009.
3, 47, 932149
What are the prime factors of 93195632?
2, 17, 23, 14897
List the prime factors of 128070587.
1613, 79399
List the prime factors of 160615899.
3, 761, 7817
List the prime factors of 4194248743.
23, 29, 6288229
List the prime factors of 78499379.
7, 41, 273517
What are the prime factors of 29510733?
3, 7, 83, 16931
What are the prime factors of 3404548457?
3404548457
What are the prime factors of 56329192?
2, 523, 13463
What are the prime factors of 21129343?
21129343
List the prime factors of 3248544284.
2, 457, 1777103
List the prime factors of 43827099.
3, 1483, 9851
What are the prime factors of 93673689?
3, 17, 233, 7883
List the prime factors of 82412397.
3, 1017437
What are the prime factors of 49703324?
2, 11, 79, 181
List the prime factors of 37278487.
1759, 21193
What are the prime factors of 84866?
2, 42433
What are the prime factors of 79528017?
3, 26509339
List the prime factors of 118422329.
487, 243167
What are the prime factors of 72329171?
72329171
List the prime factors of 3638699417.
263, 13835359
What are the prime factors of 87829689?
3, 149, 349, 563
List the prime factors of 2681654018.
2, 17, 78872177
List the prime factors of 30725795.
5, 6145159
What are the prime factors of 2151363621?
3, 11, 157, 617, 673
List the prime factors of 2066430078.
2, 3, 23, 1619, 3083
What are the prime factors of 1463855032?
2, 182981879
List the prime factors of 4170550601.
7, 23, 25904041
What are the prime factors of 3232423522?
2, 661, 2445101
List the prime factors of 192237171.
3, 7, 9154151
What are the prime factors of 785630268?
2, 3, 21823063
What are the prime factors of 4074220284?
2, 3, 89, 3814813
List the prime factors of 808206762.
2, 3, 11, 19, 37, 17419
What are the prime factors of 1187570277?
3, 131952253
What are the prime factors of 496428479?
11311, 43889
List the prime factors of 143847569.
29, 439, 11299
What are the prime factors of 24596068?
2, 7, 109, 8059
List the prime factors of 152451175.
5, 6098047
What are the prime factors of 9220112?
2, 11, 52387
What are the prime factors of 93459711?
3, 31153237
List the prime factors of 26053811.
7, 3721973
List the prime factors of 4495783.
29, 155027
What are the prime factors of 1084224197?
7, 154889171
What are the prime factors of 547273631?
109, 397, 12647
List the prime factors of 2086143467.
199, 10483133
What are the prime factors of 9028836493?
17, 59, 61, 147571
What are the prime factors of 73777492?
2, 18444373
List the prime factors of 2360077547.
17, 41, 479, 7069
List the prime factors of 35370273.
3, 47, 250853
What are the prime factors of 348375921?
3, 116125307
What are the prime factors of 1434449408?
2, 7, 400237
List the prime factors of 252105707.
7, 36015101
What are the prime factors of 7018399206?
2, 3, 7, 13, 4284737
What are the prime factors of 12491935?
5, 1021, 2447
What are the prime factors of 56270707?
56270707
What are the prime factors of 229327984?
2, 14332999
List the prime factors of 82139555.
5, 23, 714257
List the prime factors of 464149603.
464149603
List the prime factors of 12650729.
7, 13, 43, 53, 61
What are the prime factors of 84300097?
7, 37, 167, 1949
What are the prime factors of 77654006?
2, 5641, 6883
What are the prime factors of 1012488325?
5, 887, 45659
What are the prime factors of 89304581?
71, 139, 9049
What are the prime factors of 3921426714?
2, 3, 41, 251, 1549
What are the prime factors of 1835649448?
2, 229456181
What are the prime factors of 6074544513?
3, 23, 88036877
What are the prime factors of 118959879?
3, 431, 92003
List the prime factors of 1193311104.
2, 3, 3107581
List the prime factors of 6781883.
1213, 5591
What are the prime factors of 543975910?
2, 5, 29, 31, 60509
What are the prime factors of 213688274?
2, 71, 1504847
List the prime factors of 31600409.
31600409
List the prime factors of 16302207.
3, 269, 20201
List the prime factors of 1097920793.
59, 577, 32251
List the prime factors of 1827953491.
7, 13, 29, 313, 2213
List the prime factors of 794704482.
2, 3, 11, 13, 47, 6569
What are the prime factors of 91546078?
2, 13, 97, 36299
What are the prime factors of 3141384184?
2, 392673023
List the prime factors of 302583796.
2, 29, 677, 3853
List the prime factors of 15047038.
2, 1571, 4789
List the prime factors of 29318989.
7, 4188427
List the prime factors of 1867568770.
2, 5, 186756877
What are the prime factors of 2550536115?
3, 5, 1753, 96997
List the prime factors of 88133069.
88133069
List the prime factors of 36024403.
36024403
List the prime factors of 144421050.
2, 3, 5, 962807
List the prime factors of 2485047505.
5, 17, 29235853
What are the prime factors of 487244390?
2, 5, 127, 383657
What are the prime factors of 48012188?
2, 7, 71, 24151
List the prime factors of 40897901.
11, 103, 36097
List the prime factors of 361475146.
2, 180737573
What are the prime factors of 363241330?
2, 5, 53, 685361
List the prime factors of 14831179.
11, 47, 28687
What are the prime factors of 615428591?
197, 1451, 2153
What are the prime factors of 946385343?
3, 193, 941
What are the prime factors of 166705209?
3, 11, 73, 233
List the prime factors of 48058397.
227, 211711
List the prime factors of 51139354.
2, 7, 29, 125959
What are the prime factors of 588056422?
2, 19, 31, 59, 8461
List the prime factors of 1967733707.
43, 45761249
What are the prime factors of 49544437?
149, 332513
List the prime factors of 1526325461.
19, 239, 336121
What are the prime factors of 62696927?
29, 2161963
What are the prime factors of 219497550?
2, 3, 5, 79, 18523
What are the prime factors of 1180207010?
2, 5, 67, 1761503
What are the prime factors of 36969238?
2, 18484619
List the prime factors of 344376788.
2, 7, 1259, 9769
List the prime factors of 107977303.
7, 15425329
What are the prime factors of 536666498?
2, 23, 11666663
List the prime factors of 39035751.
3, 13011917
List the prime factors of 482888849.
482888849
What are the prime factors of 368461559?
29, 12705571
List the prime factors of 90237301.
7, 11, 179, 6547
List the prime factors of 42226429.
7, 1297, 4651
What are the prime factors of 114332823?
3, 11, 19, 20261
What are the prime factors of 326913011?
31, 10545581
What are the prime factors of 703815523?
703815523
List the prime factors of 837575820.
2, 3, 5, 23, 307, 659
What are the prime factors of 494174556?
2, 3, 13727071
What are the prime factors of 388687468?
2, 13, 7474759
What are the prime factors of 45230465?
5, 7, 37, 53, 659
What are the prime factors of 56520008?
2, 2221, 3181
What are the prime factors of 424276755?
3, 5, 7, 47, 149, 577
What are the prime factors of 1831932043?
13451, 136193
What are the prime factors of 4996686542?
2, 2498343271
What are the prime factors of 2072841054?
2, 3, 7757, 44537
What are the prime factors of 305836861?
11, 27803351
What are the prime factors of 127523656?
2, 13, 1226189
List the prime factors of 1302662987.
1302662987
What are the prime factors of 52130266?
2, 26065133
What are the prime factors of 83427981?
3, 7, 13, 305597
What are the prime factors of 231013013?
7, 11, 733, 4093
What are the prime factors of 1071883929?
3, 79, 659, 6863
What are the prime factors of 199735546?
2, 37, 2699129
List the prime factors of 5552384836.
2, 3989, 347981
List the prime factors of 137793077.
137793077
List the prime factors of 248065191.
3, 11, 101, 24809
What are the prime factors of 3562446714?
2, 3, 43, 2549, 5417
List the pri